alculate n(-7).
1
Let z(f) = f - 2. Let w(q) = -q**3 + 6*q**2 + 15*q + 3. Let y be w(8). Calculate z(y).
-7
Let i(r) = -2*r**3 + r + 130*r**2 - 131*r**2 - 55 + 56. Let j be -2 + (1*24)/3. Let n = j + -8. Give i(n).
11
Let z be ((-33)/(-11))/(-2 + 3)*1. Let w(v) = -v**3 + v**2 + 3*v + 3. Give w(z).
-6
Let b(j) = j**2 + 7*j + 3. Let g be b(-7). Suppose 0 + g = -t. Let d(u) = u**3 + u. Let a(q) = -q**3 + 4*q**2 + q + 4. Let o(m) = a(m) + 2*d(m). Determine o(t).
4
Let g be 18/(-4)*(180/(-27) - -6). Suppose -g*p - 3 - 21 = 0. Let o(j) = -j**2 - 11*j - 6. Determine o(p).
18
Let q(x) = -2*x**2 + 4*x + 4. Let g(i) = -i**2 + 3*i + 5. Let d(y) = -3*g(y) + 2*q(y). Suppose -j + 0 = -2. Suppose m - j*m = 0. Give d(m).
-7
Let b(y) = -y**3 - 2*y**2 + 5*y + 1. Let l = 35 - 101. Let d = l + 62. Determine b(d).
13
Let l(s) = 19*s + 7. Let y(u) = 41*u + 16. Let q(v) = -13*l(v) + 6*y(v). Give q(5).
0
Let r(b) = -b**3 + 2*b**2 - 3*b + 2. Suppose -f - 2 = -t, 0*t - f = t + 2. Let l = 2 - t. Suppose 2 + l = 2*i. What is r(i)?
-4
Let a(i) = -22*i + 5 - 6 + 21*i + 2 - i**3 + 2*i**2. Determine a(2).
-1
Let f = 642 + -644. Let b(r) be the first derivative of r**4/3 + 2*r**3/3 + 3*r**2/2 - 2*r - 2. Let a(i) be the first derivative of b(i). Determine a(f).
11
Let h(q) = q**3 + 8*q**2 - 20*q - 2. Suppose -3*f - 2*f - 25 = 5*u, 5*u = 2*f - 60. Calculate h(u).
-2
Let a be 11*1 + -45 + 42. Let y(d) = 10*d + 13*d**3 - 4*d**3 - a*d**3 + 6 - 12 - 8*d**2. Give y(6).
-18
Let j be 3 - (1 + (-3 - 0 - -2)). Let b(a) = -2 + 2*a - 4*a**2 + 4 + j*a**3 + a**2. Determine b(2).
18
Let y(k) be the first derivative of -k**3/3 - 7*k**2 + 33*k - 42. Give y(-16).
1
Let d(x) = -1. Let n(w) be the first derivative of w**2 + 5*w + 18. Let r(l) = -2*d(l) + n(l). Let i(o) = 6*o**3. Let f be i(-1). Determine r(f).
-5
Let z(m) = -4*m - m**2 + 7*m**2 + 188*m**3 - 9 - 103*m**3 - 84*m**3. Let b(i) = -i - 12. Let o be b(-6). Determine z(o).
15
Let j(o) = 2 + o**3 + 4*o**3 + 9*o - 9*o**3 + 5*o**3 + 9*o**2. Suppose 4*x = 19 - 51. Give j(x).
-6
Let g(c) = c. Let o(s) = -s**2 + 15*s + 5. Let t be o(15). Let f(u) = 2 + 3*u + t*u + u - u. Let w(p) = f(p) - 10*g(p). Determine w(-4).
10
Let y(a) = 4*a + 9. Let o(g) = -2*g + 11 + g - 10. Let x(r) = 3*o(r) + y(r). Let s be -2 - (-1 + 2 + -3). Determine x(s).
12
Let z = 32 - 26. Let l(p) = 3*p + 6*p + p**2 - 14*p - 5. Determine l(z).
1
Let l(g) = 0*g + 3 + g - 4*g + 1 - 3*g**2. Let a(t) = -t**2. Suppose 0 = 10*y - 22 + 12. Let r(s) = y*l(s) - 2*a(s). Give r(-4).
0
Let r(h) = 3*h - 19. Let t(j) = -j + 6. Let w(b) = 3*r(b) + 8*t(b). Let o be -4*(-58)/60 - 134/(-1005). Determine w(o).
-5
Let w be (-10)/(-6) + (-13)/(-39). Let g(y) = 104 + w*y - 107 - y. Let q be (-1 - -1)/(4 + -2). Give g(q).
-3
Let z(m) = -13*m - 11 + 2*m**2 + 7 + 19*m + m**2 - m**2. Determine z(-6).
32
Let f(o) = -4*o + 5. Let k be 148/28 - (-8)/(-28). Determine f(k).
-15
Let t = 26 + -58. Let j = t - -29. Let s(u) = u**2 + 2*u - u + 0*u**2. Calculate s(j).
6
Suppose -4*y - 21 = 3. Let c be 3/1*y/9. Let o(j) = -5*j + 9*j - 3*j**3 + 3*j**2 + 3 - 3*j**2. Give o(c).
19
Let m be (-132)/(-56)*6 - (-4)/(-28). Let n(q) = -q**3 + 13*q**2 + 14*q + 4. Determine n(m).
4
Let t(m) = 134 + 8*m - 8*m**2 - 126 + 11*m**3 - 10*m**3 - 4*m + 3*m. Let f be (-38)/(-6) + (-2)/6. What is t(f)?
-22
Suppose 0 = 2*f - 3*n - 8, 3*f = -2*f - 4*n + 20. Suppose -j - 10 = -5*y, -3*j - 14 = -3*y + f*y. Let w(c) = -c + 7. Give w(j).
12
Let t = 30 - 24. Let m(h) = -t + 17*h**2 - h - 18*h**2 + 0*h - 5*h. Calculate m(-4).
2
Suppose 5*o - 15 = -0*o. Suppose 5*h = 5*c - 5, 3*c - 4*h = h - o. Let t(b) = -b**2 + 5*b + 1. Give t(c).
5
Suppose -3*k + 4*g - 3 - 8 = 0, -20 = -4*g. Let m(z) = 2*z - 1. Determine m(k).
5
Let s(d) = d**2 + 2. Suppose 28*k - 5*f - 19 = 27*k, -5 = -5*k - 5*f. Determine s(k).
18
Let c(k) = k - 5. Let w(m) = 32*m - 61. Let a be w(2). Determine c(a).
-2
Let v(t) = t**2 + 13*t - 5. Let k be v(-17). Let y = -57 + k. Let l(r) = r - 7. What is l(y)?
-1
Let u(w) = -7*w**2 + 3*w - 11. Let b(s) = -4*s**2 + s - 6. Let g(v) = -5*b(v) + 3*u(v). What is g(6)?
-15
Suppose 24*p - 29*p + 10 = 0. Let o(x) = 0*x**2 + 3 + 6*x - 1 - x**p. Give o(7).
-5
Let t(y) = 4*y + 9. Let w be t(-2). Let v(b) = 5*b**2 - 2. Let m(l) = -1. Let q(d) = w*v(d) - 2*m(d). Calculate q(1).
5
Let p(f) be the second derivative of -f**5/20 + 7*f**4/12 - 2*f**3 + 5*f**2 - f + 297. What is p(4)?
10
Suppose -95 = -8*n - 11*n. Let s(o) = -4*o + 11. Calculate s(n).
-9
Let a be 30/(-35)*1*(-14)/3. Let u(d) = d + 2. Determine u(a).
6
Let a(r) = -3*r + 24. Suppose -26*t = -30*t - 3*y + 29, 2*y = 5*t - 42. What is a(t)?
0
Suppose 4*q + 5*i + 20 = 0, 0 = 10*q - 9*q + i + 5. Let o(f) = -f**3 - 4*f**2 + f - 5. Give o(q).
15
Let f be (-117)/(-455)*10 + (-3)/(-7). Let u(t) = -t**2 + 3*t + 4. What is u(f)?
4
Let n(s) = 4*s**2 - s - 1. Let d(p) = -7*p**2 + p + 2. Let q(h) = -3*d(h) - 5*n(h). Give q(-2).
-1
Let x(d) = -6*d - 2. Let f(s) = -27*s - 9. Let q(z) = f(z) - 6*x(z). Calculate q(-1).
-6
Let l be (-120)/4*((-130)/(-3))/(-5). Let d = l + -262. Let m(g) = -3*g - g + 2*g. Give m(d).
4
Let w(g) = g**2 - 5*g - 8. Suppose -3*m = -c + 27, -2*c - 3*m + 9 = -0. Let y be (-130)/(-91) - ((-18)/7 - -2). Let j be 87/c - y/8. What is w(j)?
6
Let u(s) = 4*s**2 - 22*s + 16. Let r be u(4). Let d(i) = 4*i + 26. Calculate d(r).
-6
Let t(g) = 6*g**2 - 9*g + 8. Let o(y) = -y**3 + y**2 - 1. Let h(f) = -o(f) - t(f). Determine h(6).
11
Let w = -2 - -3. Suppose 0 = z + s + w, 2*z - 16 = -s + 5*s. Let k(i) = 7*i + 7. Let c(n) = n + 2. Let b(g) = 4*c(g) - k(g). Determine b(z).
-5
Let f be (-16)/(-6)*(-7)/((-56)/24). Let a(m) be the second derivative of 1/4*m**4 - 1/2*m**2 + 1/2*m**3 + f*m + 0. Determine a(2).
17
Let g(i) = 4*i + 6. Suppose -3*t + 0*t = -39. Let b(m) = -m**2 + 12*m + 9. Let f be b(t). Give g(f).
-10
Let u(i) = -i**2 + 6*i - 4. Let z be u(5). Let m(n) = 6*n - 5. Let w(q) = q - 1. Let o(c) = z*m(c) - 5*w(c). Determine o(2).
2
Suppose -315 = 61*j - 10. Let t(i) = i - 6. Let p(d) = -2*d + 13. Let r(z) = 4*p(z) + 9*t(z). Determine r(j).
-7
Let k be (-32)/(-64) + (-2 + 0)/4. Let g(s) = s**2 - 3*s + 5 + 4*s - 2. Determine g(k).
3
Let z(y) = 3*y + 2. Let i = 4 - 8. Let k be i/(-1) - 90/(-10). Let r = -16 + k. Give z(r).
-7
Let l(v) = -929*v**2 + 930*v**2 - 5 + 2*v + v. Give l(3).
13
Let f(l) be the second derivative of -l**6/720 - l**5/24 - 7*l**4/6 + 8*l. Let p(t) be the third derivative of f(t). Let k = 6 - 12. Calculate p(k).
1
Let r(z) = 3*z**2 + 21*z + 32. Let n be r(-5). Let c(w) = -w - 2. Give c(n).
-4
Suppose -4*i + 0*v + 12 = v, -3*i - 3*v + 9 = 0. Let n(t) = -6*t - 2*t**3 + 9*t + t**i + 3 - 4*t**2 + 3*t**2. Calculate n(-3).
12
Let v be -3 + 12 - (4 + 10). Let q(r) = r**3 + 3 - 5 + 6*r + 6*r**2 + 1. Calculate q(v).
-6
Let g(l) = l + 2. Let c be (-1)/((-2)/(-20)*-2). Suppose c*f = -83 + 58. Give g(f).
-3
Let x(z) = 9*z**2. Let b(o) = 3*o**2 + 86*o - 30. Let d be b(-29). Determine x(d).
9
Let q(c) = -c**3 + 9*c**2 - 14*c - 7. Let f be q(7). Let p(m) = m**2 + 6*m - 5. Calculate p(f).
2
Let h be -4 - -6 - (1 + 1). Let w(t) = -37*t**2 - 112*t**2 + 150*t**2. What is w(h)?
0
Let b be (6 - 4)*-4*(-7)/(-14). Let u(r) = -r**3 - 4*r**2 + r. Determine u(b).
-4
Suppose 6*a - 8 = 2*a. Let z(j) = 7*j**2 + j - 16*j**2 + 2 + 6*j**a + 0. Calculate z(2).
-8
Suppose 13 = 2*s - 39. Let p = s + -27. Let l(a) = 0*a + a + 4*a. Calculate l(p).
-5
Let g(z) = 3*z**2 + 19*z - 10. Let q be g(-7). Let k(o) = -5 + 10*o**2 + o + 2*o**3 + 0 - 6*o**2 - 3*o**3. Give k(q).
-1
Let v(d) = 5*d - 4*d - 1 + d. Suppose 2*z + 200 = -4*g + z, 4*g + 192 = z. Let r = g + 45. Give v(r).
-9
Let l(c) = -5*c**2 - 3*c + 3*c**2 + 1013 + c**2 - 1015. What is l(-4)?
-6
Let b(w) = w**3 - w**2 - w + 1. Let k(a) = -2*a + 6. Let z be k(7). Let y = -6 - z. Let d = y - 2. What is b(d)?
1
Suppose -11 = l - 2*z, 5*l - 4*z + 43 = -0*z. Let i(u) be the first derivative of -u**3/3 - 4*u**2 - 10*u - 65. Calculate i(l).
-3
Suppose 3*b + 0*c + 2*c + 7 = 0, 11 = b + 4*c. Let x(g) = -g**2 - 3*g - 1. Determine x(b).
-11
Suppose -4*z + 32 = -3*z + 5*k, -5*z + k + 30 = 0. Let d(m) = -z*m + 16*m - 12*m. Calculate d(-2).
6
Let j(y) be the third derivative of y**4/24 + 2*y**2. Let f(a) = a - 2. Let m(t) = -f(t) + 3*j(t). What is m(2)?
6
Let q be (4/(-